, 3, 13985437
What are the prime factors of 1656698991?
3, 552232997
List the prime factors of 2526638011.
2526638011
List the prime factors of 24755935.
5, 23, 61, 3529
List the prime factors of 2390322072.
2, 3, 7297, 13649
What are the prime factors of 28253021?
43, 657047
List the prime factors of 52167483.
3, 19, 11299
List the prime factors of 570975755.
5, 7, 1451, 11243
What are the prime factors of 6471386?
2, 3235693
What are the prime factors of 1986621?
3, 7, 13, 19, 383
List the prime factors of 69323420.
2, 5, 3466171
What are the prime factors of 293233287?
3, 97744429
What are the prime factors of 407680562?
2, 83, 2455907
List the prime factors of 5841304340.
2, 5, 947, 308411
List the prime factors of 204125747.
7, 47, 101, 6143
List the prime factors of 272074423.
272074423
List the prime factors of 1690262614.
2, 251, 3367057
What are the prime factors of 6842004656?
2, 427625291
What are the prime factors of 1087971828?
2, 3, 37, 2450387
List the prime factors of 2171166075.
3, 5, 13, 23, 59, 547
What are the prime factors of 67236296?
2, 89, 94433
List the prime factors of 104189479.
101, 211, 4889
What are the prime factors of 146732536?
2, 18341567
List the prime factors of 2248845145.
5, 449769029
List the prime factors of 13657723.
139, 98257
What are the prime factors of 39705552?
2, 3, 30637
What are the prime factors of 887506578?
2, 3, 7, 107, 21943
What are the prime factors of 160713328?
2, 23, 71, 6151
What are the prime factors of 130802710?
2, 5, 41, 319031
What are the prime factors of 558483004?
2, 281, 496871
What are the prime factors of 28238539?
7, 4034077
List the prime factors of 479401658.
2, 73, 3283573
What are the prime factors of 361150931?
361150931
What are the prime factors of 226572923?
17, 2351, 5669
List the prime factors of 1849721641.
1849721641
What are the prime factors of 172352223?
3, 19150247
What are the prime factors of 23140030?
2, 5, 2314003
List the prime factors of 33187388.
2, 13, 71, 89, 101
What are the prime factors of 1161474206?
2, 22109, 26267
What are the prime factors of 452407509?
3, 167, 181, 1663
List the prime factors of 828951161.
17, 41, 1189313
List the prime factors of 7417999717.
149, 49785233
What are the prime factors of 514606362?
2, 3, 53, 331, 4889
What are the prime factors of 3583280885?
5, 149, 4809773
What are the prime factors of 353647612?
2, 647, 136649
List the prime factors of 5254708112.
2, 328419257
What are the prime factors of 123749212?
2, 3163, 9781
List the prime factors of 15306321.
3, 5102107
What are the prime factors of 51956215?
5, 1907, 5449
What are the prime factors of 7038770742?
2, 3, 19, 20581201
What are the prime factors of 1990948947?
3, 13, 37, 211, 503
What are the prime factors of 20966723?
20966723
What are the prime factors of 180260212?
2, 11, 4096823
List the prime factors of 30128741.
30128741
List the prime factors of 20003623.
47, 425609
List the prime factors of 181426544.
2, 13, 872243
What are the prime factors of 12822757?
37, 346561
List the prime factors of 367103620.
2, 5, 13, 1411937
What are the prime factors of 413883456?
2, 3, 7, 101, 3049
What are the prime factors of 1401100441?
13, 17, 167, 37963
List the prime factors of 1358489485.
5, 29, 73, 128341
List the prime factors of 298463.
11, 43, 631
List the prime factors of 251261308.
2, 62815327
What are the prime factors of 1387261?
1387261
List the prime factors of 415448304.
2, 3, 8655173
List the prime factors of 44192554.
2, 7, 17, 185683
What are the prime factors of 441118847?
13, 37, 401, 2287
What are the prime factors of 2482418855?
5, 7, 70926253
What are the prime factors of 299969322?
2, 3, 47, 1063721
List the prime factors of 156663811.
823, 190357
What are the prime factors of 49488599?
41, 1207039
List the prime factors of 45185107.
11, 4107737
What are the prime factors of 4252236670?
2, 5, 11, 19, 157, 12959
What are the prime factors of 63846451?
907, 70393
What are the prime factors of 758214477?
3, 199, 423347
What are the prime factors of 37309098?
2, 3, 37, 41, 4099
List the prime factors of 4183675020.
2, 3, 5, 7, 3320377
List the prime factors of 441266579.
13, 4027, 8429
List the prime factors of 5261981533.
41, 5297, 24229
List the prime factors of 836995203.
3, 11, 971, 8707
What are the prime factors of 161725111?
199, 812689
List the prime factors of 15602450.
2, 5, 97, 3217
List the prime factors of 56052725.
5, 23, 71, 1373
List the prime factors of 55530998.
2, 29, 957431
List the prime factors of 14511536.
2, 13, 69767
What are the prime factors of 201885155?
5, 40377031
List the prime factors of 26797506.
2, 3, 4466251
List the prime factors of 14405979.
3, 7, 31, 22129
List the prime factors of 63235592.
2, 7, 443, 2549
What are the prime factors of 3066968718?
2, 3, 11, 23, 29, 7741
What are the prime factors of 530729617?
11, 199, 242453
List the prime factors of 394241386.
2, 7, 11, 389, 6581
What are the prime factors of 219477063?
3, 13, 23, 307, 797
What are the prime factors of 1157758151?
11, 191, 643, 857
List the prime factors of 39952497.
3, 13, 19, 53917
What are the prime factors of 2137703915?
5, 439, 973897
What are the prime factors of 57896473?
57896473
What are the prime factors of 198448200?
2, 3, 5, 41, 2689
List the prime factors of 23088194.
2, 11544097
List the prime factors of 247132280.
2, 5, 313, 19739
List the prime factors of 54960587.
11, 149, 33533
List the prime factors of 2491337231.
2491337231
What are the prime factors of 1617878821?
13, 124452217
What are the prime factors of 4713052?
2, 1178263
What are the prime factors of 5289147357?
3, 13, 135619163
List the prime factors of 253630038.
2, 3, 17, 281, 8849
What are the prime factors of 766657534?
2, 17, 73, 308887
List the prime factors of 2455658747.
2455658747
List the prime factors of 24237786.
2, 3, 67, 60293
What are the prime factors of 2263467189?
3, 883, 854461
What are the prime factors of 962656145?
5, 11, 23, 760993
What are the prime factors of 164740958?
2, 89, 10399
List the prime factors of 22173938.
2, 11086969
What are the prime factors of 339779350?
2, 5, 6795587
What are the prime factors of 459113397?
3, 19, 59, 136519
What are the prime factors of 5858906567?
859, 2237, 3049
List the prime factors of 473584699.
7, 67654957
List the prime factors of 114055030.
2, 5, 41, 149, 1867
What are the prime factors of 1113977700?
2, 3, 5, 11, 17, 6619
What are the prime factors of 2382088305?
3, 5, 37, 4292051
List the prime factors of 482196172.
2, 120549043
What are the prime factors of 5918363?
11, 17, 31649
List the prime factors of 1004060220.
2, 3, 5, 16734337
What are the prime factors of 12059005?
5, 7, 344543
List the prime factors of 73562887.
53, 71, 113, 173
What are the prime factors of 76127106?
2, 3, 11, 1153441
What are the prime factors of 3078799216?
2, 19, 2713, 3733
What are the prime factors of 56525786?
2, 2341, 12073
What are the prime factors of 1295459443?
53, 251, 97381
What are the prime factors of 134374391?
97, 1385303
List the prime factors of 51964584.
2, 3, 7, 309313
List the prime factors of 3754051603.
337, 11139619
List the prime factors of 108206700.
2, 3, 5, 7, 17, 433
What are the prime factors of 742094392?
2, 13, 883, 8081
List the prime factors of 58787788.
2, 47, 312701
List the prime factors of 85560298.
2, 42780149
List the prime factors of 50065220.
2, 5, 2503261
List the prime factors of 17038142.
2, 11, 137, 5653
What are the prime factors of 582240039?
3, 194080013
List the prime factors of 36727865.
5, 37, 198529
List the prime factors of 955403313.
3, 1193, 266947
What are the prime factors of 64431352?
2, 2053, 3923
What are the prime factors of 86605195?
5, 17321039
List the prime factors of 23176121.
23176121
List the prime factors of 76518011.
347, 220513
List the prime factors of 191942053.
17, 11290709
What are the prime factors of 781449366?
2, 3, 19, 6854819
What are the prime factors of 364213517?
1429, 254873
What are the prime factors of 57596466?
2, 3, 97, 98963
What are the prime factors of 79301627?
31, 1069, 2393
What are the prime factors of 119032694?
2, 11, 89, 60793
List the prime factors of 2830811253.
3, 17, 55506103
List the prime factors of 9